r?
True
Is 1230328291 a composite number?
False
Is 567391 a prime number?
False
Is 125474411 a prime number?
True
Is 102879685 a prime number?
False
Is 2000209 prime?
True
Is 16446347 a composite number?
False
Is 18798671 a composite number?
False
Is 9826789 prime?
False
Is 152833 composite?
False
Is 12517019 prime?
True
Is 108593302 a prime number?
False
Is 538829 composite?
False
Is 12439309 composite?
True
Is 42437869 a composite number?
False
Is 437158679 composite?
False
Is 3275791 a prime number?
False
Is 3055567 composite?
False
Is 2196143 prime?
True
Is 708613 prime?
False
Is 45588871 a composite number?
True
Is 2045341 composite?
True
Is 33224999 composite?
False
Is 818473 a composite number?
False
Is 8008193 a prime number?
False
Is 100726 composite?
True
Is 137131 a prime number?
True
Is 8202613 composite?
False
Is 3599821 prime?
True
Is 10125137 composite?
True
Is 1176053 composite?
True
Is 297739769 prime?
True
Is 508146229 prime?
False
Is 14667197 a composite number?
True
Is 144412973 prime?
False
Is 39991559 composite?
True
Is 48714586 composite?
True
Is 27800447 prime?
True
Is 14512759 a prime number?
False
Is 168310295 prime?
False
Is 40780241 prime?
True
Is 52686701 composite?
True
Is 34328759 composite?
True
Is 6476909 a prime number?
False
Is 74080139 a prime number?
False
Is 67949807 prime?
False
Is 119982757 prime?
False
Is 43587455 a composite number?
True
Is 1416277 prime?
True
Is 15558547 composite?
False
Is 21078013 composite?
True
Is 58910227 a composite number?
False
Is 37815053 a composite number?
False
Is 19560221 a composite number?
False
Is 4121263 prime?
False
Is 1019549 a composite number?
False
Is 331460887 composite?
True
Is 2431015 composite?
True
Is 1182331 a prime number?
True
Is 7232543 a prime number?
True
Is 1977061 a composite number?
True
Is 18406027 a prime number?
True
Is 100174771 a prime number?
False
Is 33245434 prime?
False
Is 186916067 a prime number?
False
Is 794237 a composite number?
True
Is 131014757 prime?
True
Is 3667837 prime?
True
Is 16518671 a prime number?
False
Is 142666559 composite?
True
Is 5071711 a prime number?
False
Is 8807341 a prime number?
True
Is 53845877 prime?
True
Is 147898159 prime?
True
Is 7685333 composite?
True
Is 26886443 composite?
False
Is 693406807 prime?
True
Is 925423 a prime number?
True
Is 2756731 a prime number?
True
Is 54575167 a composite number?
False
Is 53994641 composite?
True
Is 1733087 prime?
True
Is 137140293 prime?
False
Is 28944571 a composite number?
False
Is 16021483 a prime number?
True
Is 106266841 prime?
False
Is 335514001 a prime number?
False
Is 1040597 composite?
False
Is 208832347 a composite number?
True
Is 506479681 prime?
True
Is 69130457 a prime number?
False
Is 28651507 composite?
True
Is 17317247 prime?
True
Is 16027487 composite?
True
Is 1341293 a prime number?
True
Is 7075423 prime?
True
Is 301703 prime?
True
Is 5915143 a composite number?
True
Is 13211599 prime?
False
Is 105796549 composite?
True
Is 19507949 prime?
False
Is 1540289 prime?
True
Is 160561 composite?
True
Is 128635817 a composite number?
True
Is 75495217 a composite number?
True
Is 338034343 a prime number?
True
Is 12788909 a prime number?
False
Is 19139 a composite number?
False
Is 44501779 prime?
False
Is 40457 prime?
False
Is 3956119 a composite number?
False
Is 815611 composite?
True
Is 3148673 composite?
True
Is 10518581 prime?
True
Is 1929043 prime?
True
Is 4458385 a composite number?
True
Is 1340971 a prime number?
False
Is 231199 prime?
False
Is 634177255 prime?
False
Is 21216809 a prime number?
True
Is 37382143 prime?
False
Is 42099779 composite?
False
Is 923143907 a composite number?
True
Is 3457559 a prime number?
False
Is 12584146 a composite number?
True
Is 54738539 composite?
True
Is 74877331 prime?
True
Is 37336802 a prime number?
False
Is 604349 composite?
False
Is 7481171 a prime number?
False
Is 379969441 composite?
False
Is 11547791 prime?
True
Is 58048451 a composite number?
False
Is 70642699 prime?
True
Is 3727441 composite?
False
Is 1511953 a composite number?
False
Is 109824441 composite?
True
Is 16622341 composite?
True
Is 5698345 a composite number?
True
Is 25673521 composite?
False
Is 140071643 a prime number?
False
Is 44831483 composite?
False
Is 23253303 prime?
False
Is 103652959 prime?
True
Is 241262031 composite?
True
Is 4681951 composite?
False
Is 314224181 a composite number?
False
Is 17076493 a prime number?
False
Is 403757 prime?
True
Is 25700567 a composite number?
False
Is 47836687 a composite number?
True
Is 320461 a prime number?
False
Is 3739271 a composite number?
True
Is 10942453 composite?
False
Is 8700161 prime?
True
Is 30999643 a composite number?
False
Is 706283 a composite number?
False
Is 76161623 composite?
False
Is 553151 a composite number?
True
Is 155464757 prime?
False
Is 37029691 prime?
True
Is 1544789 a prime number?
True
Is 131724161 a prime number?
True
Is 33915223 a prime number?
False
Is 695207 prime?
True
Is 18821947 a prime number?
True
Is 486648407 a prime number?
False
Is 250253 prime?
True
Is 28550833 a composite number?
False
Is 45882391 a prime number?
True
Is 56742746 composite?
True
Is 4743107 prime?
True
Is 2188951 composite?
True
Is 4810649 composite?
False
Is 7673323 prime?
False
Is 2667167 composite?
False
Is 48367379 composite?
True
Is 1002178 a prime number?
False
Is 17799227 composite?
False
Is 321153589 prime?
False
Is 30741313 composite?
True
Is 2099017 prime?
True
Is 189838589 prime?
True
Is 1414489 a prime number?
False
Is 72743347 prime?
False
Is 1489361 composite?
True
Is 108068489 prime?
True
Is 749579 a prime number?
False
Is 29974529 a composite number?
True
Is 141918013 composite?
False
Is 44025691 a composite number?
True
Is 2160401 a composite number?
True
Is 159239387 prime?
True
Is 2663473 a composite number?
True
Is 37561198 prime?
False
Is 604649 composite?
False
Is 127266049 a prime number?
True
Is 3270277 composite?
False
Is 17641577 composite?
False
Is 4714433 a composite number?
True
Is 424961 a prime number?
True
Is 16874689 a composite number?
True
Is 11141021 a prime number?
False
Is 4754107 composite?
False
Is 3154597 prime?
True
Is 81077 a composite number?
False
Is 10726519 a prime number?
False
Is 110939677 prime?
True
Is 244201211 a composite number?
False
Is 5891647 a composite number?
True
Is 569807 prime?
False
Is 1816179837 a prime number?
False
Is 327307289 composite?
True
Is 186869021 composite?
True
Is 980537 a prime number?
False
Is 412771 prime?
True
Is 4455949 prime?
True
Is 10114737 prime?
False
Is 14686207 a prime number?
False
Is 367248067 a prime number?
False
Is 2371067 a prime number?
False
Is 125767687 composite?
False
Is 13672111 prime?
True
Is 85029271 composite?
False
Is 135102361 composite?
False
Is 6549761 a composite number?
False
Is 762899 composite?
False
Is 16776167 a prime number?
True
Is 221113069 composite?
True
Is 86561 composite?
False
Is 138038317 prime?
False
Is 91475399 a prime number?
False
Is 127557701 a prime number?
False
Is 855580589 composite?
True
Is 9107963 a prime number?
False
Is 57051637 a prime number?
False
Is 10850439 a composite number?
True
Is 27811187 prime?
False
Is 17408165 composite?
True
Is 29336953 a prime number?
True
Is 74795257 a prime number?
False
Is 334804279 prime?
True
Is 67563439 a prime number?
True
Is 9635953 a prime number?
True
Is 358837 composite?
True
Is 259771 composite?
False
Is 8004383 prime?
True
Is 54341531 a composite number?
True
Is 46481 composite?
True
Is 19517417 prime?
False
Is 1546693 a prime number?
False
Is 1891883 a prime number?
False
Is 15265049 a composite number?
True
Is 241481014 a composite number?
True
Is 1104479 a prime number?
True
Is 42010439 prime?
True
Is 37519793 composite?
False
Is 512998 prime?
False
Is 578299 a prime number?
True
Is 15999583 a prime number?
True
Is 124429771 composite?
True
Is 1402879 composite?
True
Is 7059433 a composite number?
False
Is 521009 a composite number?
False
Is 381059 a composite number?
True
Is 16622647 a composite number?
False
Is 39401137 prime?
False
Is 48790711 composite?
False
Is 35398397 a prime number?
False
Is 651683 a composite number?
False
Is 1128889 a composite number?
False
Is 13593865 composite?
True
Is 1756093 comp